mon divisor of 385 and f?
77
Let u(t) = t**2 - 6*t - 12. Suppose -6 = -3*n - 21. Let q be u(n). Suppose -4*s + q + 47 = 2*p, 2*p = 4*s - 102. What is the highest common divisor of s and 16?
8
Suppose -61*v + 4607 = -52*v - 14131. What is the greatest common divisor of v and 6?
6
Suppose -25 = 44*x - 49*x. Let u be -35 + (4 - 4) + 3. Let d = u - -67. Calculate the greatest common divisor of x and d.
5
Let z(o) = o**2 - 17*o + 68. Let n be z(12). Let r be 12/18*-6 + n. What is the greatest common factor of 9 and r?
1
Let t(x) = -3*x**3 - 9*x**2 + 15*x - 10. Let z be t(-8). What is the highest common factor of 160 and z?
10
Let b be ((-176)/(-528))/((-1)/(-23))*(-18)/(-3). Calculate the greatest common divisor of b and 3680.
46
Let n(x) = -307*x - 30. Let y be n(-3). Suppose -29 = 5*g - 3*i - 203, -4*g = -2*i - 138. Calculate the greatest common factor of y and g.
33
Suppose 36 = 2*v + 4*j, 52*v - 51*v = -5*j + 21. Let f be (-14)/105 - ((-56)/(-30) + -3). What is the greatest common divisor of v and f?
1
Suppose 2*j - 13708 + 63000 = 3*u, -2*u + 32863 = -3*j. What is the greatest common divisor of u and 620?
310
Let z = -7913 - -7916. Calculate the highest common divisor of z and 169.
1
Suppose -5*h + 3*w = -h + 15, -4*h + 4*w = 16. Let n be h/(1/(-5) + (-76)/(-80)). Let x be n + 204/2 + 4. Calculate the greatest common divisor of 34 and x.
34
Let b(n) be the first derivative of 2 - 8*n - 4*n**3 - 13*n**2 + 1/4*n**4. Let h be b(14). Calculate the highest common divisor of h and 12.
4
Suppose -28*y - 10*y + 6537 = 2838 - 7853. Let m be (-1 + 9)*2 - 0. What is the highest common divisor of m and y?
16
Let k be (0 - (-6 + 1))*-5. Let z = k - -26. Let t be 0/(-15) - 15/(-3). What is the highest common factor of z and t?
1
Suppose 2*w - 94 = -26. Suppose r - 193 = 3*x - 25, 25 = -5*x. Calculate the greatest common factor of r and w.
17
Let h(x) = 42*x - 1763. Let q be h(42). Let c be (-12)/((-3)/4*2). Calculate the greatest common divisor of q and c.
1
Suppose 50*n - 246*n = -31360. Calculate the greatest common factor of n and 90.
10
Suppose 5*m - 535 = -7*b + 9*b, -5*m - b = -520. What is the greatest common factor of 165 and m?
15
Let j = -214 - -219. Let a be -1 - ((-1)/(j/10) + -83). What is the greatest common divisor of 6 and a?
6
Let o(v) = -67*v + 62. Let z be o(2). Let d be (-3)/9 - 21552/z. What is the highest common factor of 46 and d?
23
Let a = -5542 - -5752. What is the highest common divisor of a and 1750?
70
Suppose -92*g + 16*g = -11772 - 2212. What is the greatest common factor of 92 and g?
92
Let h be -5 + ((-48)/(-27) - 2/(-9)). Let y be (20/16 - 2)/(h/648). Suppose 0 = 6*x - 702 + y. Calculate the greatest common divisor of 135 and x.
45
Let w(g) = g**3 + 6*g**2 - 16*g + 2. Let k be w(-8). Suppose -k*p = 5*c - 926, -2*c = 3*p - 90 - 287. Calculate the highest common divisor of 23 and c.
23
Suppose -2*f + 77 - 79 = 0. Let l be (-2 + 1)/(((-3)/f)/(-33)). Suppose 0*i = -2*x + 5*i + 208, i = 3*x - 299. Calculate the highest common divisor of x and l.
11
Let z(w) = -138*w - 4029. Let p be z(-33). What is the greatest common divisor of p and 5?
5
Let l be (14/3 - 10)/((-4)/30). Suppose g - 62 = 3*s, -2*g - g + 4*s = -166. What is the greatest common divisor of l and g?
10
Let p = 87 + 938. What is the greatest common factor of p and 451?
41
Let x = 24784 - 24654. What is the greatest common factor of 1014 and x?
26
Suppose -5*b = 113 - 713. Let h be -80*8/b*-9. Calculate the highest common factor of 272 and h.
16
Let z = 16629 - 10666. What is the greatest common divisor of z and 67?
67
Let k(x) = 11*x**3 - 18*x**2 - 137*x + 1616. Let o be k(13). What is the highest common divisor of o and 160?
160
Let d be 1258/21 - 364/(-3822). What is the greatest common divisor of 500 and d?
20
Let c = -11440 + 11444. What is the greatest common factor of c and 4860?
4
Let w(s) = 4*s + 497. Let i be w(4). What is the greatest common factor of i and 19?
19
Suppose 3*o - 4*n - 6768 = 0, 12*o = 15*o - n - 6759. Calculate the greatest common factor of 8 and o.
4
Suppose 32*n = -4*n + 2520. Suppose 7*c = 2*c - 30. Let x be (-2 - 6)/(c/15). What is the highest common divisor of n and x?
10
Let j be 1/(0 + -1) + 52. Let r(h) = 95*h + 14620. Let z be r(-153). Calculate the greatest common divisor of j and z.
17
Let p be 10 - (0 + 2 + -2). Let l be (108/12)/(0 + 1). Suppose -3*u + 219 = l. Calculate the greatest common divisor of p and u.
10
Let o = 3353 - 1664. Let v = o - 849. Calculate the highest common divisor of 60 and v.
60
Suppose -5*m + 76 = -74. Let d be (-18)/(-405)*42 + (-2)/(-15). What is the greatest common divisor of d and m?
2
Suppose 0 = 2*d - 49 - 17. Let g = d + -20. Suppose -336 = 5*f - g*f. Calculate the greatest common divisor of 21 and f.
21
Suppose 2*g = -6*g - 40. Let y be (g + (-3 - -6))/(-4 + 2). Let s be (-16)/(y/(-4) - 0) + -1. What is the highest common factor of s and 9?
9
Let s(x) = -8*x**2 + 31*x + 7. Let a be s(4). Suppose -l - a*b = -201 + 32, -5*b = 3*l - 487. Calculate the highest common factor of 28 and l.
14
Let c = 75 + -58. Suppose c = -3*u + 50. Suppose -362 = -u*f + 1002. Calculate the greatest common divisor of 31 and f.
31
Let q be (-136)/(-12) + (-2)/(-3). Let h be 1/(-3) - (-160)/q. Let j be 12/3*(31 + -5). What is the greatest common divisor of j and h?
13
Let v = 44122 - 44116. Let i(j) = 8*j + 1. Let x be i(4). Calculate the greatest common factor of x and v.
3
Let t(n) = n + 100. Let m(o) = o + 2. Let y(u) = -4*m(u) - t(u). Let g be y(-23). Calculate the highest common divisor of 56 and g.
7
Let v(t) = -t**3 + 38*t**2 - 22*t + 131. Let k be v(37). What is the highest common factor of 6 and k?
2
Suppose 216625 - 32377 = 12*m. What is the highest common divisor of m and 18?
18
Let p be 8/(-36)*-12 + (-7)/(-21). Let b be (12/8)/(p/(-152)*-4). Let a = -28 - -47. What is the highest common factor of b and a?
19
Let p = 939 + -843. Suppose -85*i + p*i = 198. What is the highest common factor of 90 and i?
18
Suppose 25 + 5 = 2*o. Suppose 2*r - 19 - 47 = -2*m, -4*r = m - 138. Suppose -f = 6*f - r. Calculate the greatest common factor of f and o.
5
Suppose 4*a = -h + 28499, 4*a - 28498 = -0*h - 2*h. Calculate the greatest common divisor of a and 171.
57
Let i(j) = -1 + 9*j - 292*j + 140*j - 6. Let d be i(-2). What is the highest common divisor of 9 and d?
9
Suppose -2*a + 12 = a. Let c(h) = h**3 - 8*h**2 - 3*h + 32. Suppose 2*j - 6 = 10. Let y be c(j). Calculate the greatest common factor of a and y.
4
Suppose 3*b + 200 = 5*o + 1011, 2*b = 2*o + 538. Suppose 0*k - 3*k + b = -5*a, -k + 53 = -a. Let m = -50 - a. Calculate the highest common factor of m and 12.
4
Let v = 211 + -88. Suppose -99 = 4*y - v. What is the highest common factor of y and 294?
6
Let l(f) = 199*f + 41494. Let b be l(-208). Let v be 71/4 - (-1)/4. What is the greatest common divisor of v and b?
6
Let m = 35 - 16. Suppose -3*y + m = -2*y. Let v be 18 + 12/24 + 1/2. Calculate the highest common divisor of v and y.
19
Let r(q) = 7*q - 22. Let t be r(4). Let m be 1 - ((-12)/2)/(3 + -1). Suppose -m*y + 11*y = 105. Calculate the greatest common divisor of t and y.
3
Let o be (-3*(-4)/12)/(1/(-73)). Let u be 80/12*(o/(-2) - -1). Suppose 6*r = r + u. Calculate the greatest common divisor of 5 and r.
5
Let c(v) = v**2 - 6*v + 8. Let p = 130 + -123. Let i be c(p). What is the highest common factor of i and 345?
15
Suppose 5379 = -27*o + 75849. Calculate the greatest common divisor of o and 126.
18
Let k = 28 + 30. Let g = k - 55. Suppose 4*h - x = g*x + 4, -3*x = -2*h. What is the greatest common divisor of 3 and h?
3
Suppose -4*g = -3*g - 4*l - 4164, 3*g = 3*l + 12528. Calculate the greatest common factor of 114 and g.
38
Let j = -18 - -29. Let k(w) = -w**3 - 12*w**2 - w + 4. Let f be k(-12). Let z be 1256/f + (-3)/2. Calculate the highest common divisor of j and z.
11
Let h(d) = -3*d + 20. Let q(p) = -p + 1. Let b be (8/10)/(18/(-45)). Let z(l) = b*q(l) + h(l). Let o be z(17). Calculate the highest common divisor of 7 and o.
1
Suppose -6*t + 2*t + 2*n = -450, -4*t - 2*n + 430 = 0. Calculate the highest common factor of t and 3311.
11
Suppose -y = 4*z - 73, -32*z + 27*z = 0. Calculate the highest common factor of y and 10001.
73
Let v be (75/5)/(35/(